{"id":7241,"date":"2023-03-23T09:18:46","date_gmt":"2023-03-23T08:18:46","guid":{"rendered":"https:\/\/www.enfancejeunesse.mesquerquimiac.fr\/?page_id=7241"},"modified":"2025-08-05T16:31:03","modified_gmt":"2025-08-05T15:31:03","slug":"inscrire-son-enfant-aux-martins-pecheurs","status":"publish","type":"page","link":"https:\/\/www.enfancejeunesse.mesquerquimiac.fr\/?page_id=7241","title":{"rendered":"INSCRIRE SON ENFANT AUX MARTINS P\u00caCHEURS et Espace jeunes"},"content":{"rendered":"\r\n<h2 class=\"wp-block-heading\">Pour cr\u00e9er votre espace famille<\/h2>\r\n\r\n\r\n\r\n<p>Nous avons besoin de connaitre&nbsp;:<\/p>\r\n\r\n\r\n\r\n<figure class=\"wp-block-table\">\r\n<table>\r\n<tbody>\r\n<tr>\r\n<td>&nbsp;<\/td>\r\n<td class=\"has-text-align-center\" data-align=\"center\">Nom, pr\u00e9nom Adresse postale <br>T\u00e9l\u00e9phone Adresse mail <br>du <strong>parent 1<\/strong><\/td>\r\n<td class=\"has-text-align-center\" data-align=\"center\">Nom, pr\u00e9nom Adresse postale <br>T\u00e9l\u00e9phone Adresse mail <br>du <strong>parent 2<\/strong><\/td>\r\n<td class=\"has-text-align-center\" data-align=\"center\">Nom, pr\u00e9nom Adresse postale <br>T\u00e9l\u00e9phone Adresse mail <br>du <strong>parent 3<\/strong> (Possible grand-parent)<\/td>\r\n<\/tr>\r\n<tr>\r\n<td>Nom, pr\u00e9nom, date de Naissance de <strong>l\u2019enfant <\/strong>:<\/td>\r\n<td class=\"has-text-align-center\" data-align=\"center\">&nbsp; &nbsp; &nbsp; &nbsp;<\/td>\r\n<td class=\"has-text-align-center\" data-align=\"center\">&nbsp;<\/td>\r\n<td class=\"has-text-align-center\" data-align=\"center\">&nbsp;<\/td>\r\n<\/tr>\r\n<\/tbody>\r\n<\/table>\r\n<figcaption class=\"wp-element-caption\">Ces informations sont \u00e0 transmettre \u00e0 ej.secretariat@mesquerquimiac.fr, ou en cas d&rsquo;indisponibilit\u00e9 \u00e0 enfance.jeunesse@mesquerquimiac.fr<\/figcaption>\r\n<\/figure>\r\n\r\n\r\n\r\n<p>Une fois votre espace famille cr\u00e9\u00e9, vous recevrez un mail vous demandant de vous cr\u00e9er un mot de passe dans les 96 heures, gr\u00e2ce \u00e0 ce mot de passe, vous pourrez vous connecter \u00e0 votre espace<\/p>\r\n\r\n\r\n\r\n<h2 class=\"wp-block-heading\">L\u2019Espace Famille : Qu&rsquo;est-ce que c&rsquo;est ?<\/h2>\r\n\r\n\r\n\r\n<figure class=\"wp-block-image alignleft size-full is-resized\"><a href=\"https:\/\/espacefamille.aiga.fr\/index.html?dossier=3832065\" target=\"_blank\" rel=\"noreferrer noopener\"><img data-recalc-dims=\"1\" loading=\"lazy\" decoding=\"async\" data-attachment-id=\"6772\" data-permalink=\"https:\/\/www.enfancejeunesse.mesquerquimiac.fr\/?attachment_id=6772\" data-orig-file=\"https:\/\/i0.wp.com\/www.enfancejeunesse.mesquerquimiac.fr\/sejm\/wp-content\/uploads\/2022\/02\/LIVRET-DACCUEIL-1.png?fit=500%2C500&amp;ssl=1\" data-orig-size=\"500,500\" data-comments-opened=\"0\" data-image-meta=\"{&quot;aperture&quot;:&quot;0&quot;,&quot;credit&quot;:&quot;&quot;,&quot;camera&quot;:&quot;&quot;,&quot;caption&quot;:&quot;&quot;,&quot;created_timestamp&quot;:&quot;0&quot;,&quot;copyright&quot;:&quot;&quot;,&quot;focal_length&quot;:&quot;0&quot;,&quot;iso&quot;:&quot;0&quot;,&quot;shutter_speed&quot;:&quot;0&quot;,&quot;title&quot;:&quot;&quot;,&quot;orientation&quot;:&quot;0&quot;}\" data-image-title=\"LIVRET DACCUEIL (1)\" data-image-description=\"\" data-image-caption=\"\" data-medium-file=\"https:\/\/i0.wp.com\/www.enfancejeunesse.mesquerquimiac.fr\/sejm\/wp-content\/uploads\/2022\/02\/LIVRET-DACCUEIL-1.png?fit=300%2C300&amp;ssl=1\" data-large-file=\"https:\/\/i0.wp.com\/www.enfancejeunesse.mesquerquimiac.fr\/sejm\/wp-content\/uploads\/2022\/02\/LIVRET-DACCUEIL-1.png?fit=500%2C500&amp;ssl=1\" class=\"wp-image-6772\" src=\"https:\/\/i0.wp.com\/www.enfancejeunesse.mesquerquimiac.fr\/sejm\/wp-content\/uploads\/2022\/02\/LIVRET-DACCUEIL-1.png?resize=314%2C314&#038;ssl=1\" alt=\"\" width=\"314\" height=\"314\" srcset=\"https:\/\/i0.wp.com\/www.enfancejeunesse.mesquerquimiac.fr\/sejm\/wp-content\/uploads\/2022\/02\/LIVRET-DACCUEIL-1.png?w=500&amp;ssl=1 500w, https:\/\/i0.wp.com\/www.enfancejeunesse.mesquerquimiac.fr\/sejm\/wp-content\/uploads\/2022\/02\/LIVRET-DACCUEIL-1.png?resize=300%2C300&amp;ssl=1 300w, https:\/\/i0.wp.com\/www.enfancejeunesse.mesquerquimiac.fr\/sejm\/wp-content\/uploads\/2022\/02\/LIVRET-DACCUEIL-1.png?resize=150%2C150&amp;ssl=1 150w\" sizes=\"auto, (max-width: 314px) 100vw, 314px\" \/><\/a><\/figure>\r\n\r\n\r\n\r\n<p>C&rsquo;est un outil de gestion moderne, performant, intuitif et facile d&rsquo;utilisation qui permet de d\u00e9mat\u00e9rialiser vos d\u00e9marches administratives. Une simple inscription suffit et vous pouvez tout g\u00e9rer, 7\/7 jours et <em>24\/24 <\/em>heures, depuis n&rsquo;importe quel ordinateur, tablette ou smartphone gr\u00e2ce \u00e0 son accessibilit\u00e9 depuis Internet.<\/p>\r\n\r\n\r\n\r\n<p>Comment cela fonctionne ?<\/p>\r\n\r\n\r\n\r\n<p>Votre espace famille a \u00e9t\u00e9 cr\u00e9\u00e9 grace aux informations que vous nous avez donn\u00e9es. Vous devez maintenant remplir cet espace par voie informatique (informations famille et enfants, fiche sanitaire, personnes autoris\u00e9es\u2026) et y t\u00e9l\u00e9verser les documents obligatoires&nbsp;:<\/p>\r\n\r\n\r\n\r\n<p>&#8211;<strong>Sur la partie Famille&nbsp;:<\/strong><\/p>\r\n\r\n\r\n\r\n<p>attestation CAF, justificatif de domicile, RIB si besoin<\/p>\r\n\r\n\r\n\r\n<p>&#8211;<strong>Sur la partie Enfant&nbsp;:<\/strong><\/p>\r\n\r\n\r\n\r\n<p>fiche sanitaire, attestation d\u2019assurance extrascolaire, &nbsp;copie des pages vaccination du carnet de sant\u00e9, photo<\/p>\r\n\r\n\r\n\r\n<p>Une fois ces \u00e9tapes franchies, vous pourrez inscrire votre enfant aux activit\u00e9s souhait\u00e9es puis r\u00e9server les cr\u00e9neaux d\u00e9sir\u00e9s, pour cela, vous trouverez ci-dessous les fichiers utiles \u00e0 t\u00e9l\u00e9charger.<\/p>\r\n<ul>\r\n\r\n\r\n<li><a href=\"https:\/\/youtu.be\/s-Wu7C4HbPo\" target=\"_blank\" rel=\"noopener\">Tutoriel cr\u00e9ation espace famille<\/a><\/li>\r\n\r\n\r\n\r\n<li><a href=\"https:\/\/youtu.be\/AbRM-yhoUZU\" target=\"_blank\" rel=\"noopener\">Tutoriel documents structures \u00e0 t\u00e9l\u00e9charger<\/a><\/li>\r\n\r\n\r\n\r\n<li><a href=\"https:\/\/youtu.be\/ShCIeYMPylo\" target=\"_blank\" rel=\"noopener\">Tutoriel documents \u00e0 envoyer \u00e0 la structure<\/a><\/li>\r\n<li><a href=\"https:\/\/youtu.be\/sd-gO6ctubc\" target=\"_blank\" rel=\"noopener\">Tutoriel Inscriptions et r\u00e9servations<\/a><\/li>\r\n<li><a href=\"https:\/\/youtu.be\/9aTjF2i-uHU\" target=\"_blank\" rel=\"noopener\">Tutoriel Factures, situation financi\u00e8re, contacts<\/a><\/li>\r\n<li><a title=\"\" href=\"https:\/\/www.enfancejeunesse.mesquerquimiac.fr\/sejm\/wp-content\/uploads\/2025\/08\/TARIFS-2025.pdf\" target=\"_blank\" rel=\"noopener\">Tarifs<\/a><\/li>\r\n\r\n\r\n\r\n\r\n\r\n<li><a title=\"\" href=\"https:\/\/www.enfancejeunesse.mesquerquimiac.fr\/sejm\/wp-content\/uploads\/2025\/08\/Reglement-Interieur-des-services-2025.pdf\" target=\"_blank\" rel=\"noopener\">R\u00e8glement int\u00e9rieur<\/a><\/li>\r\n\r\n\r\n\r\n<li><a title=\"\" href=\"https:\/\/www.enfancejeunesse.mesquerquimiac.fr\/sejm\/wp-content\/uploads\/2023\/03\/FICHE-SANITAIRE.pdf\" target=\"_blank\" rel=\"noopener\">Fiche sanitaire<\/a><\/li>\r\n\r\n\r\n\r\n<li><a title=\"\" href=\"https:\/\/www.enfancejeunesse.mesquerquimiac.fr\/sejm\/wp-content\/uploads\/2025\/08\/AUTORISATION-DE-PRELEVEMENT-ENFANCE-JEUNESSE-MESQUER-2025-2026.pdf\" target=\"_blank\" rel=\"noopener\">Autorisation de pr\u00e9l\u00e8vement<\/a><\/li>\r\n<li><a title=\"\" href=\"https:\/\/www.enfancejeunesse.mesquerquimiac.fr\/sejm\/wp-content\/uploads\/2023\/03\/livret-dAccueil-familles-2023-1.pdf\" target=\"_blank\" rel=\"noopener\">Livret accueil famille<\/a><\/li>\r\n\r\n\r\n\r\n<li><a title=\"\" href=\"https:\/\/www.enfancejeunesse.mesquerquimiac.fr\/sejm\/wp-content\/uploads\/2023\/03\/tuto-payfip.pdf\" target=\"_blank\" rel=\"noopener\">Tutoriel payfip<\/a><\/li>\r\n<\/ul>\r\n<!-- \/wp:post-content -->","protected":false},"excerpt":{"rendered":"<p>Pour cr\u00e9er votre espace famille Nous avons besoin de connaitre&nbsp;: &nbsp; Nom, pr\u00e9nom Adresse postale T\u00e9l\u00e9phone Adresse mail du parent 1 Nom, pr\u00e9nom Adresse postale T\u00e9l\u00e9phone Adresse mail du parent 2 Nom, pr\u00e9nom Adresse postale T\u00e9l\u00e9phone Adresse mail du parent 3 (Possible grand-parent) Nom, pr\u00e9nom, date de Naissance de l\u2019enfant : &nbsp; &nbsp; &nbsp; &nbsp; [&hellip;]<\/p>\n","protected":false},"author":4,"featured_media":0,"parent":0,"menu_order":0,"comment_status":"closed","ping_status":"closed","template":"","meta":{"site-sidebar-layout":"default","site-content-layout":"default","ast-site-content-layout":"default","site-content-style":"default","site-sidebar-style":"default","ast-global-header-display":"","ast-banner-title-visibility":"","ast-main-header-display":"","ast-hfb-above-header-display":"","ast-hfb-below-header-display":"","ast-hfb-mobile-header-display":"","site-post-title":"","ast-breadcrumbs-content":"","ast-featured-img":"","footer-sml-layout":"","ast-disable-related-posts":"","theme-transparent-header-meta":"default","adv-header-id-meta":"","stick-header-meta":"","header-above-stick-meta":"","header-main-stick-meta":"","header-below-stick-meta":"","astra-migrate-meta-layouts":"set","ast-page-background-enabled":"default","ast-page-background-meta":{"desktop":{"background-color":"","background-image":"","background-repeat":"repeat","background-position":"center center","background-size":"auto","background-attachment":"scroll","background-type":"","background-media":"","overlay-type":"","overlay-color":"","overlay-opacity":"","overlay-gradient":""},"tablet":{"background-color":"","background-image":"","background-repeat":"repeat","background-position":"center center","background-size":"auto","background-attachment":"scroll","background-type":"","background-media":"","overlay-type":"","overlay-color":"","overlay-opacity":"","overlay-gradient":""},"mobile":{"background-color":"","background-image":"","background-repeat":"repeat","background-position":"center center","background-size":"auto","background-attachment":"scroll","background-type":"","background-media":"","overlay-type":"","overlay-color":"","overlay-opacity":"","overlay-gradient":""}},"ast-content-background-meta":{"desktop":{"background-color":"var(--ast-global-color-5)","background-image":"","background-repeat":"repeat","background-position":"center center","background-size":"auto","background-attachment":"scroll","background-type":"","background-media":"","overlay-type":"","overlay-color":"","overlay-opacity":"","overlay-gradient":""},"tablet":{"background-color":"var(--ast-global-color-5)","background-image":"","background-repeat":"repeat","background-position":"center center","background-size":"auto","background-attachment":"scroll","background-type":"","background-media":"","overlay-type":"","overlay-color":"","overlay-opacity":"","overlay-gradient":""},"mobile":{"background-color":"var(--ast-global-color-5)","background-image":"","background-repeat":"repeat","background-position":"center center","background-size":"auto","background-attachment":"scroll","background-type":"","background-media":"","overlay-type":"","overlay-color":"","overlay-opacity":"","overlay-gradient":""}},"ngg_post_thumbnail":0,"footnotes":""},"class_list":["post-7241","page","type-page","status-publish","hentry"],"aioseo_notices":[],"jetpack_sharing_enabled":true,"_links":{"self":[{"href":"https:\/\/www.enfancejeunesse.mesquerquimiac.fr\/index.php?rest_route=\/wp\/v2\/pages\/7241","targetHints":{"allow":["GET"]}}],"collection":[{"href":"https:\/\/www.enfancejeunesse.mesquerquimiac.fr\/index.php?rest_route=\/wp\/v2\/pages"}],"about":[{"href":"https:\/\/www.enfancejeunesse.mesquerquimiac.fr\/index.php?rest_route=\/wp\/v2\/types\/page"}],"author":[{"embeddable":true,"href":"https:\/\/www.enfancejeunesse.mesquerquimiac.fr\/index.php?rest_route=\/wp\/v2\/users\/4"}],"replies":[{"embeddable":true,"href":"https:\/\/www.enfancejeunesse.mesquerquimiac.fr\/index.php?rest_route=%2Fwp%2Fv2%2Fcomments&post=7241"}],"version-history":[{"count":18,"href":"https:\/\/www.enfancejeunesse.mesquerquimiac.fr\/index.php?rest_route=\/wp\/v2\/pages\/7241\/revisions"}],"predecessor-version":[{"id":8219,"href":"https:\/\/www.enfancejeunesse.mesquerquimiac.fr\/index.php?rest_route=\/wp\/v2\/pages\/7241\/revisions\/8219"}],"wp:attachment":[{"href":"https:\/\/www.enfancejeunesse.mesquerquimiac.fr\/index.php?rest_route=%2Fwp%2Fv2%2Fmedia&parent=7241"}],"curies":[{"name":"wp","href":"https:\/\/api.w.org\/{rel}","templated":true}]}}